5 - 7a4?
-4ac
In base 7, what is 2 + -222203?
-222201
In base 8, what is -623105 + -3?
-623110
In base 5, what is 2014314 + 3?
2014322
In base 15, what is 2 - 1572?
-1570
In base 4, what is -103221 + -23001?
-132222
In base 12, what is -4 - -137a31?
137a29
In base 14, what is -8 + -11ad9?
-11b03
In base 14, what is -133db + 2?
-133d9
In base 16, what is 1c7b6 - 2?
1c7b4
In base 13, what is -15 + -56?
-6b
In base 6, what is -2434442 + 33?
-2434405
In base 10, what is -526 + 3241?
2715
In base 5, what is 13410414 - 4?
13410410
In base 10, what is -682678 + 1?
-682677
In base 8, what is 237 - 20250?
-20011
In base 13, what is -1 + 151a7a?
151a79
In base 5, what is 12403131 + -1?
12403130
In base 2, what is -10101110000 - -1?
-10101101111
In base 7, what is 122046 - -4?
122053
In base 9, what is -8 - 67527?
-67536
In base 14, what is -2683 + -16?
-2699
In base 4, what is 211102310 + -11?
211102233
In base 14, what is 294 + -2a51?
-279b
In base 12, what is 15911b9 + 4?
1591201
In base 9, what is 23 - -784?
817
In base 16, what is -38b1 + 2?
-38af
In base 12, what is 5 + 1291b?
12924
In base 6, what is -135 - -100?
-35
In base 4, what is 323302033 + 11?
323302110
In base 6, what is -320530 - 123?
-321053
In base 9, what is -3 - -552465?
552462
In base 8, what is 5324204 - 4?
5324200
In base 14, what is 2 + -227d?
-227b
In base 14, what is -4 - -10196?
10192
In base 9, what is 13120 + 62?
13182
In base 7, what is 52 - 5125?
-5043
In base 7, what is 22210 + -2?
22205
In base 15, what is -15bd + 1?
-15bc
In base 3, what is 100120000 - 1001?
100111222
In base 7, what is -305 - 62?
-400
In base 7, what is -21 + 43643?
43622
In base 16, what is -b95 - -4?
-b91
In base 10, what is -3215 - -46?
-3169
In base 7, what is -110610 + -16?
-110626
In base 2, what is -111100001 - -10000?
-111010001
In base 9, what is -4 + 68086?
68082
In base 6, what is 2333552 - -2?
2333554
In base 7, what is 1104 + 244?
1351
In base 12, what is 423 + -39?
3a6
In base 9, what is -18 + -1380?
-1408
In base 6, what is -1 - 105331?
-105332
In base 3, what is 201121 - -2012200?
2221021
In base 11, what is -119 - 115?
-233
In base 10, what is 1 + 2097?
2098
In base 7, what is -512 - -453?
-26
In base 3, what is 20222121100 + 2?
20222121102
In base 8, what is -742 + 5200?
4236
In base 13, what is 273701 + 2?
273703
In base 13, what is -2c86 - 5?
-2c8b
In base 12, what is 8b574 - 2?
8b572
In base 13, what is 42 + -1b3b?
-1ac9
In base 4, what is -213 + -12300122?
-12301001
In base 4, what is 31312312 + -210?
31312102
In base 7, what is 5151305 + 2?
5151310
In base 4, what is -112 - -113113?
113001
In base 8, what is 6047133 + -5?
6047126
In base 13, what is -49b5 - 0?
-49b5
In base 8, what is 4 + -3335632?
-3335626
In base 16, what is -1 + -4e88?
-4e89
In base 7, what is 20424 - -13?
20440
In base 16, what is 3ea + -53c?
-152
In base 7, what is -135 + 16651?
16513
In base 10, what is -1 - 11653?
-11654
In base 9, what is 10302 + -171?
10121
In base 4, what is 130330 + 1012?
132002
In base 7, what is -13 + 1242210?
1242164
In base 7, what is 44161 + 540?
45031
In base 2, what is -100110011101000 - 10100?
-100110011111100
In base 16, what is dc - -556?
632
In base 7, what is 31611262 - 3?
31611256
In base 12, what is 1 - -82476?
82477
In base 3, what is -100 - -1021120020?
1021112220
In base 6, what is -4101013 - -5?
-4101004
In base 13, what is -b85 + 13?
-b72
In base 11, what is 3546 + -1?
3545
In base 13, what is 1a8 + -7?
1a1
In base 2, what is -1100101101110 - 111100?
-1100110101010
In base 11, what is 181a9 - -29?
18227
In base 14, what is -4 - -1b219?
1b215
In base 15, what is 6 - 160a00?
-1609e9
In base 13, what is 828 + -27a?
57b
In base 6, what is 111145 + 445?
112034
In base 9, what is -72077 - -3?
-72074
In base 6, what is -50452320 - 3?
-50452323
In base 13, what is c - 103b82?
-103b73
In base 13, what is -291 + 389?
c8
In base 12, what is 4 + -37839?
-37835
In base 7, what is -2 + 14653?
14651
In base 11, what is -4 - -790a4?
790a0
In base 15, what is -38e3 + 1d?
-38c5
In base 7, what is -3 + -60421?
-60424
In base 12, what is -2 - -368b?
3689
In base 13, what is -1 - -c1035?
c1034
In base 3, what is -1020 + 11020221?
11012201
In base 9, what is -6 + -130517?
-130524
In base 12, what is 26 + -14a61?
-14a37
In base 9, what is 43646 - -16?
43663
In base 11, what is 17807a + -3?
178077
In base 5, what is 11 + 410420?
410431
In base 11, what is -2260 + 0?
-2260
In base 3, what is 211120 + 12111?
1001001
In base 11, what is -1130 + -3?
-1133
In base 2, what is -10101110010001110 + -10?
-10101110010010000
In base 12, what is 3 + -b47?
-b44
In base 5, what is -21420 + -203?
-22123
In base 16, what is 19 + -13690?
-13677
In base 15, what is -300808 - -5?
-300803
In base 2, what is -10 + -11111111011?
-11111111101
In base 8, what is -30 - 14503?
-14533
In base 2, what is -11110011011 + 10110100010?
-111111001
In base 8, what is 641 - -51?
712
In base 5, what is 0 - -12101143?
12101143
In base 13, what is -191 + 4?
-18a
In base 9, what is 5 - -677026?
677032
In base 15, what is -c5 - dda?
-eb0
In base 2, what is -11100 - -1000001110100?
1000001011000
In base 10, what is 271 - 9?
262
In base 4, what is 2103023 - 23?
2103000
In base 9, what is 11313 + -580?
10623
In base 4, what is 1113232033 - 3?
1113232030
In base 15, what is -18eee + -5?
-19004
In base 14, what is -15 - 10c0?
-10d5
In base 11, what is -4 + 299148?
299144
In base 12, what is -22011 + -5?
-22016
In base 2, what is 110010 - 100011011001?
-100010100111
In base 7, what is -3 - -15315034?
15315031
In base 4, what is -220202 - 111?
-220313
In base 5, what is -230 + 234421?
234141
In base 7, what is -4 - 20136525?
-20136532
In base 6, what is 24520154 - 3?
24520151
In base 16, what is 280 - -82?
302
In base 4, what is 11 + 1020303002?
1020303013
In base 15, what is 5e21 - -8d?
5eae
In base 5, what is 12214033 - -41?
12214124
In base 3, what is 12 + 211111111121?
211111111210
In base 4, what is -1303013 - -122?
-1302231
In base 2, what is -10010101100110 - -1101?
-10010101011001
In base 15, what is 1c17d + 4?
1c182
In base 6, what is -102452 + -13?
-102505
In base 15, what is d - ddc6?
-ddb8
In base 13, what is 316 - -b?
324
In base 9, what is 3 + -374777?
-374774
In base 14, what is -5b9c12 + 2?
-5b9c10
In base 5, what is -1 - -310244?
310243
In base 3, what is 10022112220 - -11201?
10022201121
In base 12, what is b9 + -1b2?
-b5
In base 13, what is 278 - -34?
2ac
In base 8, what is 3 - -4233646?
4233651
In base 5, what is 11440304 - -4?
11440313
In base 8, what is 5664375 - 3?
5664372
In base 9, what is 16626 + -1?
16625
In base 3, what is 10 + -2120101022?
-2120101012
In base 3, what is 1210 - -121111000?
121112210
In base 9, what is -811 + -3230?
-4141
In base 11, what is 1a5 + -163?
42
In base 12, what is 126a - -129?
1397
In base 7, what is -11455 - 606?
-12364
In base 9, what is -105 + -6540?
-6645
In base 4, what is 31001131 + 0?
31001131
In base 15, what is -7d4 - -14?
-7c0
In base 14, what is -d - 100d?
-101c
In base 14, what is -97 + -616?
-6ad
In base 9, what is 15 + -17347?
-17332
In base 5, what is -10 - 1330422?
-1330432
In base 5, what is 44214244 + 10?
44214304
In base 5, what is -10 - 300434?
-300444
In base 11, what is 210 - 6?
205
In base 7, what is 6 - 3264?
-3255
In base 4, what is 1132 - 12332?
-11200
In base 8, what is 2340 + -231?
2107
In base 3, what is -201222101 - -111?
-201221220
In base 12, what is 14 - -12135b?
121373
In base 4, what is 0 - -123232002?
123232002
In base 16, what is 0 + b77?
b77
In base 4, what is 112 - 22031?
-21313
In base 8, what is 6413 - -277?
6712
In base 2, what is 10111111001010 - -10111001?
11000010000011
In base 10, what is -2 + -163287?
-163289
In base 12, what is -305200 - 0?
-305200
In base 16, what is -31d45 + -8?
-31d4d
In base 3, what is -11 + -200101222110?
-200101222121
In base 16, what is 13e - 3?
13b
In base 15, what is 741 + -6?
73a
In base 12, what is 1 + 3307?
3308
In base 2, what is -100100 + -110111000110100?
-110111001011000
In base 8, what is 5656 - 1?
5655
In base 12, what is 274 + -4a?
226
In base 3, what is -222 + 100001002?
100000010
In base 12, what is -1a - -680?
662
In base 7, what is 3 + 3134140?
3134143
In base 13, what is 0 - -1a220?
1a220
